{"id":46,"date":"2018-05-13T13:59:37","date_gmt":"2018-05-13T11:59:37","guid":{"rendered":"https:\/\/tawanthaikitchen.se\/?page_id=46"},"modified":"2025-12-03T15:51:18","modified_gmt":"2025-12-03T13:51:18","slug":"meny","status":"publish","type":"page","link":"https:\/\/tawanthaikitchen.se\/?page_id=46","title":{"rendered":"Meny"},"content":{"rendered":"<p style=\"text-align: center;\"><span style=\"font-family: verdana, geneva, sans-serif;\">\u00a0<\/span><\/p>\n<p style=\"text-align: center;\"><span style=\"font-family: verdana, geneva, sans-serif; font-size: 14pt;\">Vi serverar Thail\u00e4ndsk mat gjord fr\u00e5n f\u00e4rska r\u00e5varor. Du kan v\u00e4lja mellan take away eller sitta i v\u00e5r restaurang.<\/span><span style=\"font-family: verdana, geneva, sans-serif; font-size: 14pt; color: #753bbd;\"><strong>\u00a0<\/strong><\/span><\/p>\n<p style=\"text-align: center;\"><a href=\"https:\/\/www.dropbox.com\/scl\/fi\/573na7rrerhkgj1bbtkpm\/Tawan-Thai-meny-Rev-O-Take-away.pdf?rlkey=8894o7prio3rwgvp0bw33abl1&amp;st=55f5a4q6&amp;dl=0\" target=\"_blank\" rel=\"noopener\"><span style=\"font-family: verdana, geneva, sans-serif; font-size: 14pt;\"><strong>Meny Take away<\/strong><\/span><\/a><\/p>\n<p style=\"text-align: center;\"><a href=\"https:\/\/www.dropbox.com\/scl\/fi\/ek5ane9zgdkn32iqef6l7\/Tawan-Thai-Meny-Rev-O-En-Take-Away.pdf?rlkey=7ueerpj8qfcu332ku429tlzrw&amp;st=8ukaizov&amp;dl=0\" target=\"_blank\" rel=\"noopener\"><span style=\"font-family: verdana, geneva, sans-serif; font-size: 14pt;\"><strong>Meny Take away (English)<\/strong><\/span><\/a><\/p>\n<p style=\"text-align: center;\"><a href=\"https:\/\/www.dropbox.com\/scl\/fi\/t3l4vk99lgsc32qq04doi\/Meny-Tawan-Thai-A-la-Carte-250718.pdf?rlkey=itlbdilzy8dkaktvbrr2f15fg&amp;st=s2dvgn73&amp;dl=0\" target=\"_blank\" rel=\"noopener\"><span style=\"font-family: verdana, geneva, sans-serif; font-size: 14pt;\"><strong>Meny A la car<\/strong><\/span><span style=\"font-family: verdana, geneva, sans-serif; font-size: 14pt;\"><strong>t<\/strong><\/span><span style=\"font-family: verdana, geneva, sans-serif; font-size: 14pt;\"><strong>e<\/strong><\/span><\/a><\/p>\n<p style=\"text-align: center;\"><a href=\"https:\/\/tawanthaikitchen.se\/wp-content\/uploads\/2023\/01\/Tawanthai-Edit-1.pdf\" target=\"_blank\" rel=\"noopener\"><span style=\"font-family: verdana, geneva, sans-serif; font-size: 14pt;\"><strong>Specialmeny<\/strong><\/span><\/a><\/p>\n\n\n\n\n\n","protected":false},"excerpt":{"rendered":"<p>\u00a0 Vi serverar Thail\u00e4ndsk mat gjord fr\u00e5n f\u00e4rska r\u00e5varor. Du kan v\u00e4lja mellan take away eller sitta i v\u00e5r restaurang.\u00a0 Meny Take away Meny Take away (English) Meny A la [&hellip;]<\/p>\n","protected":false},"author":1,"featured_media":0,"parent":0,"menu_order":0,"comment_status":"closed","ping_status":"closed","template":"","meta":{"_bbp_topic_count":0,"_bbp_reply_count":0,"_bbp_total_topic_count":0,"_bbp_total_reply_count":0,"_bbp_voice_count":0,"_bbp_anonymous_reply_count":0,"_bbp_topic_count_hidden":0,"_bbp_reply_count_hidden":0,"_bbp_forum_subforum_count":0,"footnotes":""},"class_list":["post-46","page","type-page","status-publish","hentry"],"aioseo_notices":[],"_links":{"self":[{"href":"https:\/\/tawanthaikitchen.se\/index.php?rest_route=\/wp\/v2\/pages\/46","targetHints":{"allow":["GET"]}}],"collection":[{"href":"https:\/\/tawanthaikitchen.se\/index.php?rest_route=\/wp\/v2\/pages"}],"about":[{"href":"https:\/\/tawanthaikitchen.se\/index.php?rest_route=\/wp\/v2\/types\/page"}],"author":[{"embeddable":true,"href":"https:\/\/tawanthaikitchen.se\/index.php?rest_route=\/wp\/v2\/users\/1"}],"replies":[{"embeddable":true,"href":"https:\/\/tawanthaikitchen.se\/index.php?rest_route=%2Fwp%2Fv2%2Fcomments&post=46"}],"version-history":[{"count":49,"href":"https:\/\/tawanthaikitchen.se\/index.php?rest_route=\/wp\/v2\/pages\/46\/revisions"}],"predecessor-version":[{"id":409,"href":"https:\/\/tawanthaikitchen.se\/index.php?rest_route=\/wp\/v2\/pages\/46\/revisions\/409"}],"wp:attachment":[{"href":"https:\/\/tawanthaikitchen.se\/index.php?rest_route=%2Fwp%2Fv2%2Fmedia&parent=46"}],"curies":[{"name":"wp","href":"https:\/\/api.w.org\/{rel}","templated":true}]}}